. Calculate the highest common factor of s and m.
18
Let j(r) = r**3 - 8*r**2 - 3*r + 2. Let g be j(9). Let z = -18 + g. What is the greatest common divisor of z and 228?
38
Let m(x) = -2*x**3 + 24*x**2 + 28*x - 12. Let k be m(13). What is the greatest common divisor of k and 154?
14
Let x be (12/5)/(6/140). Suppose 0 = -n - 3, 4*b - 3*n + x = 377. Suppose 0 = t + 50102 - 50219. Calculate the greatest common factor of b and t.
39
Suppose 3*x - 5*h - 332 = -x, 3*x + 4*h = 280. Calculate the highest common factor of 120 and x.
8
Let c = 119 + -116. Suppose 2*o + 412 = 4*n - 2*n, -n = -c*o - 202. What is the highest common factor of n and 16?
16
Let q be 2/(2*1/3). Suppose -3*m + 45 = 2*m - 3*n, 19 = 2*m - n. What is the highest common divisor of q and m?
3
Suppose 0 = 16*n - 454 - 890. Suppose 38 = 3*a - 106. Let f = a + -27. What is the highest common divisor of n and f?
21
Let q = 1814 - 1799. Calculate the highest common factor of 3585 and q.
15
Let c = 857 + -834. Calculate the greatest common divisor of c and 943.
23
Let c be 0*(-2)/(-12)*3 - 140. Let n = c + 155. Calculate the greatest common factor of 5 and n.
5
Suppose 34 - 61 = -z. Suppose 4*v = 5*v - 3. Calculate the highest common divisor of v and z.
3
Let w(c) = 2*c + 12. Let n be w(-3). Suppose o + 5*f = -n, 5*o - f = -0*f + 22. Suppose q - 150 = -o*q. What is the greatest common factor of q and 45?
15
Suppose 0 = 2*l - u - 13, -4*l + u = -0*l - 23. Suppose -15 = -l*k + 90. Calculate the highest common divisor of k and 63.
21
Let r = 27 - 3. Suppose 0 = -a - a + 4. Suppose a*x + 4*f - 524 = 0, -2*x + 2*f + 533 = -3*f. What is the greatest common factor of r and x?
24
Let o = -9 - -5. Let a be (-85)/(7/2 + o). Calculate the highest common factor of 34 and a.
34
Let o = 45 + -15. Suppose 10*h = 58 + 22. Suppose 11*j - o = h*j. Calculate the highest common divisor of j and 60.
10
Let k be 2 - (3 - (-34)/(-2)). Suppose -45 = 4*x - 6*x - 3*w, -3*x + 5*w = -77. What is the highest common factor of k and x?
8
Let r be (-8)/(-3)*102/8 + -1. Suppose 0*j - 2*j = -22. Calculate the greatest common factor of j and r.
11
Let o(d) = -d**2 + 6*d - 1. Let p be o(6). Let l(i) = i**2 - 5*i - 12. Let y be l(6). Let b be (66*p)/(3/y). What is the greatest common factor of b and 12?
12
Let a be (-1)/2*(8 + -4). Let y be (-162)/(-8)*(-144)/(-27). Let n be (a/(-4))/(9/y). Calculate the highest common divisor of 9 and n.
3
Suppose 0 = 3*h + 15, -4*f + 461 = h + 258. Calculate the highest common divisor of 468 and f.
52
Let x(s) = 12*s**2 + 6*s + 5. Suppose -18 = 5*y + 2. Let z be x(y). Suppose -5*l - 2*g = -0*l - z, g = -1. Calculate the highest common factor of 5 and l.
5
Suppose 5*j = -5*h + 1310, 171 = j + 2*h - 95. Calculate the greatest common factor of j and 6.
6
Suppose -5*c + 168 - 88 = 0. What is the greatest common factor of 16 and c?
16
Let w = 119 - 105. Let c(i) = 58*i + 1. Let v be c(1). Let p = v + -31. Calculate the highest common factor of p and w.
14
Suppose -3*q = -q + 258. Let i be (0 - 1)*q*1. Suppose 4*p - 484 = -3*h - h, 5*h - i = -p. What is the highest common factor of 17 and p?
17
Suppose -2*f - 4*j - j = 115, 5*f + j = -230. Let l be (-9370)/f - (-2)/(-9). Suppose -7*a + 2*a + 130 = 0. Calculate the greatest common factor of a and l.
26
Suppose 3*h - l = -0*h + 50, -74 = -5*h - 3*l. What is the highest common factor of 208 and h?
16
Suppose 0 = x + 2*a - 609, -2*x + 6*x - 2*a - 2436 = 0. Let r = -191 + x. Let f = -268 + r. What is the greatest common divisor of f and 60?
30
Let a = 82 + -68. Let w(j) = j**2 + 9*j + 10. Let c be w(-7). Let q be 294/a*c/(-3). Calculate the highest common divisor of q and 7.
7
Suppose 0 = 2*b - 4*b. Suppose b = -0*k + 2*k, -a + 1 = -3*k. Suppose -z - x = -4 - 10, 5*x = 5*z - 20. What is the highest common divisor of a and z?
1
Let k be (-3 + 1)*2/(-4). Let l be 3/6 + (-2)/4. Suppose -3*z + 8 - 5 = l. Calculate the greatest common factor of k and z.
1
Let t(g) = 7*g + 4. Let h be t(-2). Let w be (5/3)/(h/(-60)). Calculate the greatest common factor of 170 and w.
10
Suppose q - 154 = -4*k, q - 64 - 120 = 2*k. Let p = q + 6. Suppose -2*o + p = -o. What is the highest common factor of o and 20?
20
Suppose z + 1 = -1. Let u be 200/16 - z/(-4). Let r(x) = -x**3 + 8*x**2 + 2*x + 9. Let g be r(7). What is the highest common divisor of g and u?
12
Let z(d) = 4*d**2 + 3*d - 11. Let f be z(-4). Calculate the greatest common factor of 164 and f.
41
Let a = 38 - 25. Calculate the highest common divisor of a and 78.
13
Suppose 4*l = -5*a + 135, 2*a + 0*l + 3*l - 61 = 0. What is the greatest common divisor of 230 and a?
23
Let t be ((-2)/(-4))/((-10)/65)*-68. What is the greatest common divisor of 17 and t?
17
Let k be 36/16 + ((-14)/(-8) - 2). Suppose 0 = -y + k*c + 233, 5*y - 4*c - 1043 = 116. Calculate the greatest common factor of 21 and y.
21
Suppose -2*g = -3*z + 4928, g = -2*g + 6. Calculate the greatest common factor of 12 and z.
12
Let u(o) = -o**2 - 51*o + 278. Let k be u(-55). Calculate the greatest common factor of 3074 and k.
58
Let i(r) = -6*r + 92. Let j be i(8). Let t = -17 - -32. Suppose -5*o = t, -x + 5*o + j = 7. What is the highest common divisor of 88 and x?
22
Suppose 2*o + 67 - 93 = 0. Calculate the greatest common factor of o and 52.
13
Suppose -2*t + 4 = -j - 0*t, -j = -3*t + 7. Let m = j - -7. Calculate the highest common factor of m and 45.
9
Suppose -3*q + 57 = 2*m + 9, 3*q = 0. Suppose 5*d = z - 2*z + 115, 2*z + 58 = 2*d. Calculate the greatest common factor of m and d.
24
Suppose b + 2*s + 10 = 121, -s - 102 = -b. Calculate the highest common divisor of b and 15.
15
Let l be 3 - 8/((-8)/29)*5. Calculate the highest common factor of l and 333.
37
Suppose 10*t + 38 - 718 = 0. What is the greatest common factor of t and 20?
4
Suppose 1040 = 198*c - 158*c. Let j(q) = 7*q**2 + 5*q - 2. Let w be j(4). Suppose w = -0*h + 2*h. Calculate the highest common factor of h and c.
13
Suppose 8*i = 1193 + 655. Suppose 2*w = 3*w - 4. Suppose -2*k + 22 = 4*c, -3*k + c = w*c - 48. Calculate the highest common factor of k and i.
21
Suppose 4*q = 5*h - 118, -4*h - 42*q = -38*q - 80. Calculate the greatest common factor of h and 33.
11
Let a be (3*4/8)/(12/160). Calculate the highest common factor of 540 and a.
20
Let n be (-32)/(-4)*(-36)/(-4). What is the greatest common factor of n and 126?
18
Let o = -35 + 24. Let x = -6 - o. Suppose -x*g - 86 + 246 = 0. What is the highest common factor of 8 and g?
8
Suppose 16 = -5*w + 171. Let i = -15 + w. Calculate the greatest common factor of 32 and i.
16
Suppose -4*x = 3*n - 193, 3*x - 4*n + 29 - 155 = 0. Calculate the highest common factor of x and 46.
46
Let d(i) = -8*i - 16. Let k be d(-3). What is the highest common divisor of k and 48?
8
Suppose 1 - 22 = -7*i. Suppose -x = -2 - i. Calculate the highest common divisor of x and 15.
5
Let m(v) = -4*v**2 - 70*v - 20. Let r be m(-15). What is the highest common factor of r and 10?
10
Let f be ((-800)/(-24))/10*(-36)/(-10). What is the highest common divisor of 3 and f?
3
Suppose 5*q - 3 = 2. Let a = q - -4. Let s(x) = 2*x**3 - 8*x**2 + 6*x. Let t be s(a). Calculate the greatest common factor of t and 20.
20
Suppose -5*c + 0*c = -25. Suppose 2*q = -n + 4*n - 75, 144 = c*n + 3*q. Calculate the greatest common divisor of 9 and n.
9
Suppose -3*c - 284 = -7*c. Suppose -2*x + 39 = 3*a - 77, -c = -2*a + 5*x. What is the greatest common divisor of 57 and a?
19
Let a = 938 - 515. Let x = -289 + a. Suppose -4*y - x = -554. Calculate the greatest common divisor of y and 15.
15
Let o be -55*16/(-80) + -2 + 63. Let z(b) be the first derivative of 3*b**2/2 - 9*b + 1. Let i be z(6). What is the highest common divisor of o and i?
9
Suppose 12*s - 1136 = -92. Calculate the highest common factor of s and 58.
29
Let u be (182/(-8))/(((-784)/(-192))/(-49)). Calculate the highest common factor of 21 and u.
21
Suppose -4*p + 120 = -4*h, 3*h - 150 = -5*p + 2*h. Suppose -9*w - 75 = -21. Let y = w - -9. What is the highest common divisor of p and y?
3
Suppose -2*k + 34 = -5*p, 3*k - 6*p + 2*p - 37 = 0. Let w = -5 - -6. What is the highest common factor of w and k?
1
Let z = 570 - 90. What is the highest common divisor of z and 30?
30
Let o = -95 - -97. Suppose d + 2*k - 24 = -o*k, 